120*i**6 - 1/15*i**5 + 1/24*i**4. Let w be (-5)/(-1)*4/5. Determine t(w).
0
Suppose -3*k + k = -g + 23, 0 = g + 5*k + 5. Suppose -3*v + m = -2*m + g, m = 4*v + 11. Let q be (4/(-3))/v*3. Let j(d) = d. Calculate j(q).
2
Let n(z) = z**2 + 14*z + 18. Let d(v) = v**2 + 42*v + 105. Let k be d(-39). Calculate n(k).
-6
Suppose -2*t + 11 = 3. Suppose t*b - 2 - 6 = 0. Suppose -b*u = -5*u + 9. Let c(h) = -h**3 + 2*h**2 + 4*h. Calculate c(u).
3
Let y(z) = z**2 - 2*z - 1. Let x be y(4). Let d = x + -3. Let k(o) = -o - o + o**2 - 2*o + 7*o - d. Determine k(-4).
0
Suppose m - 6*i = -2*i + 2, -4*m - 7 = -i. Let k(t) = -2*t**2 - 4*t - 3. Give k(m).
-3
Let k(b) be the first derivative of 3*b**2/2 + 8*b + 62. Calculate k(-3).
-1
Let u(z) = -2*z**3 - 5*z**2 + 9*z + 6. Let h(n) = 3*n**3 + 11*n**2 - 17*n - 11. Let s(r) = -3*h(r) - 5*u(r). What is s(5)?
-42
Let d = 12937/12 + -1078. Let m(i) be the third derivative of 0 + 0*i**4 + 1/120*i**6 - 2*i**2 - 1/6*i**3 + 0*i - d*i**5. Determine m(5).
-1
Let p(x) = 2*x**2 - x**3 + 2*x**2 - 21 - 4*x + 26. Calculate p(4).
-11
Let t(q) = -3*q**2 + q - 5*q + 3*q. Let w(i) = 4*i**2 + 2*i - 1. Let n(c) = 3*t(c) + 2*w(c). Calculate n(2).
-4
Let u = -16 - -25. Let o(t) = -u - 12*t**2 + t**3 + 3*t**2 + t**2. Determine o(8).
-9
Let w = 7 - 14. Let v(g) = 5*g + 35. Determine v(w).
0
Suppose 0 = -3*l + 5*l - 4. Suppose k - 15 = -l*k. Suppose 2*t = k*t - 21. Let y(s) = s**3 - 8*s**2 + 8*s - 3. Calculate y(t).
4
Let c(j) = 2*j - 2. Suppose -9 - 9 = -2*s. Let n = -6 + s. Suppose 4 = 5*v - n*v. Give c(v).
2
Let h(p) be the first derivative of 4 - 1/60*p**5 - 1/360*p**6 + 0*p + 0*p**2 + 1/24*p**4 - 1/3*p**3. Let f(i) be the third derivative of h(i). What is f(2)?
-7
Let x(i) = i**2 + 2*i + 3. Let f(b) = b**2 + b - 4. Let h be f(-3). Suppose r = h*r - 7. Let g(y) = 4*y**2 + 5*y + 8. Let z(n) = r*x(n) - 2*g(n). What is z(5)?
0
Let p(b) = 4*b + b - 3*b - 4*b. Let u be (-5)/((-65)/(-52)) + -3. What is p(u)?
14
Let w = 13 - 14. Let u(c) be the second derivative of 3*c**5/4 - c**4/12 + c**2/2 + 27*c. Give u(w).
-15
Let k(y) = -y**3 - 7*y**2 + y - 8. Suppose -36*w + 77 = -47*w. Give k(w).
-15
Let r(c) = -17*c**2 + c + 3. Let n(z) = 6*z**2 - 1. Let x(m) = -11*n(m) - 4*r(m). Let a(k) = k**3 - 24*k**2 - 6*k + 147. Let d be a(24). What is x(d)?
5
Let f = -41 + 44. Suppose -f*v + 5*d - 3 = 2, -v + 2 = 2*d. Let o(r) = -r - 12. What is o(v)?
-12
Suppose 0 = 12*d - 13*d + 2. Let s(r) = -d - 10*r - 7*r + 7*r. Let m be ((-15)/10)/((-6)/(-8)). What is s(m)?
18
Let x(w) be the second derivative of -2*w**2 + 0 + 1/6*w**3 - 18*w. Give x(0).
-4
Let b(n) = -11*n**2 - n. Let u(y) = y**2 - 8*y - 10. Let o(j) = 3*j - 2. Let x be o(2). Let d be x/(-16) - (-74)/8. Let i be u(d). Determine b(i).
-10
Let j(o) = o - 8. Suppose -10*v + 10 = -12*v, -5*v - 33 = -2*w. What is j(w)?
-4
Let l = -17 + 23. Let f(j) = j**2. Let b(p) = -p**2 - p. Let i(u) = l*f(u) + 5*b(u). What is i(4)?
-4
Let j(r) be the first derivative of -r**4/4 - 3*r**3 + 5*r**2 + 5*r - 130. Determine j(-10).
5
Let c be 24/42 + 10/7. Suppose -4 = -c*t + 4*t. Let z be 1 + 21/(t + -1). Let p(v) = v**2 + 5*v - 6. Determine p(z).
0
Suppose 3*y - 153 = -21. Let p be 2/11 - (-124)/y. Let w(m) = 5 - 5*m**3 + 3*m - 4 + 4*m**3 + 2*m**2. Determine w(p).
1
Let c(v) be the third derivative of v**5/60 - v**4/3 - 3*v**3/2 + 2*v**2 + 18. What is c(9)?
0
Let s = -99 + 95. Let q(u) = 4*u**2 - 15*u + 7. Suppose 4 = -4*n, 0 = -r - 2*r - 5*n + 1. Let d(l) = -l**2 + 5*l - 2. Let j(y) = r*q(y) + 7*d(y). Give j(s).
-4
Let b(f) be the first derivative of f**4/4 - 2*f**3/3 - f**2 + f - 19. Determine b(3).
4
Let u(q) = -11*q**2 + q + 1. Let v be (-12)/(-66) + 70/(-22) - -2. Determine u(v).
-11
Let x(d) = -d**3 - 7*d**2 + 3 + 1 + 10*d**2 - 1. Let o = -16 + 20. Give x(o).
-13
Let m(g) = 7*g**3 + 72*g - 66*g + 11 - 3. Let f(v) = -15*v**3 - 13*v - 17. Let k(r) = -6*f(r) - 13*m(r). What is k(2)?
-10
Suppose 19 = 5*d - 11. Suppose -4*z + s - 21 + d = 0, -2*z - 15 = -3*s. Let n(j) = -j**2 - 2*j. Calculate n(z).
-3
Let o(r) = 11*r - 15. Let x(w) = 17*w - 23. Let z(t) = -8*o(t) + 5*x(t). Let h(q) = -2*q**2 + 5*q + 16. Let n be h(4). What is z(n)?
-7
Let k be (-34104)/5733 + 2/(-39). Let q(z) = -5*z - 24. Determine q(k).
6
Let z(a) be the first derivative of a**2/2 + 8*a - 371. Determine z(-6).
2
Let a(s) be the first derivative of 0*s**2 - 1 + 4 - 25 + s**2 - 2*s. What is a(-2)?
-6
Let c(v) be the third derivative of v**6/120 + v**5/15 - 5*v**4/24 + v**3/3 + 430*v**2. Calculate c(-5).
2
Let w(u) = 28*u**2 + 35*u**2 + 8*u - 64*u**2 - 6 - 7 + 4. Determine w(5).
6
Suppose 0 = -3*h + 5*a - 4, -3*a = -2*h - 2. Let f(o) = -4 - 6*o + 2*o - o**2 - h*o. Suppose 0 = 4*r, -2*b - r - 12 = -5*r. Determine f(b).
-4
Let y(o) = -7*o + 8*o - o**2 - 4*o**2 - 9 + 6*o**2. Suppose -w + 5 = 2*k - 2*w, 5*k + 3*w = -15. Give y(k).
-9
Let c(z) be the second derivative of -z**6/120 + z**5/12 - z**4/12 + 5*z**3/6 + 13*z**2/2 - 12*z. Let i(a) be the first derivative of c(a). What is i(5)?
-5
Suppose 0 = 35*r - 40*r + 845. Let k(n) = -177 - r - 2*n**2 + n**3 - 2*n + 348. Calculate k(4).
26
Let t(v) be the second derivative of 7*v**3/6 - v**2/2 - 104*v. Suppose 1 = 3*o - 2. Calculate t(o).
6
Let n(o) = -o**2 + 4*o. Let y = 331 + -324. What is n(y)?
-21
Let f(h) = h**3 - 5*h**2 + 2*h - 3. Let o(r) = 2*r**3 - 10*r**2 + 4*r - 7. Let d(i) = 9*f(i) - 4*o(i). Determine d(5).
11
Let a(y) = 3*y**2 + 3*y + 4. Let o = 70 - 69. Suppose 0 = -6*u + o - 19. Give a(u).
22
Let d(p) = -p**2 - p + 3. Let m(l) = 55*l + 278. Let t be m(-5). What is d(t)?
-9
Let u(f) = -5*f**2 + f. Let s(w) = -4*w - 4. Let h be s(-7). Suppose -4*v + 35 = 5*d, -5*v + 3*d = -h - 29. Let x be (v/(-15))/((-4)/(-6)). What is u(x)?
-6
Let i(a) be the second derivative of 40*a - 1/3*a**4 + 0 + 1/2*a**2 + 1/20*a**5 - 5/6*a**3. Give i(5).
1
Let u(i) = -i**3 - 5*i**2 + 3*i - 4. Let m(h) = -14*h**3 - h**2 - 3*h - 2. Let n be m(-1). Let y = -20 + n. Calculate u(y).
14
Suppose -j - 3*j + 2*d = 98, -3*j + 5*d - 56 = 0. Let h = 30 + j. Let n(z) = 3 + z**h + 4*z**2 - 6 + 2*z**2 - 2*z**2. Give n(-4).
-3
Let m(p) = p**3 - 7*p**2 - p + 1. Suppose 0*i = 3*i + 4*x + 7, 2*i = 3*x + 18. Suppose f - i*u - 2 = -f, -f + 23 = 4*u. Calculate m(f).
-6
Let j(m) be the first derivative of m**4/4 + m**2/2 + 11*m + 478. Suppose -5*d + 2*g = -g - 15, -d + 2*g = -10. Calculate j(d).
11
Let k(d) = 0*d**2 + d**2 - 4*d**2 - 1 - d**2 + 6*d - d**3. Let r(s) = s**3 - 8*s**2 - 2*s + 11. Let y be r(8). Let o be k(y). Let z(u) = 3*u + 8. Give z(o).
-10
Let z(y) = -y**2 + y. Let j(r) = 6*r**2 - 6*r + 3. Let b(q) = -j(q) - 5*z(q). Let x(p) = 4*p + 132. Let c be x(-33). What is b(c)?
-3
Let j(o) = o + 5. Let b = 47 - 44. Suppose k = b*k + 10. What is j(k)?
0
Let n(k) = 2*k + 10. Let v be n(7). Let g be ((-5)/(20/v))/(-2). Let b(w) be the second derivative of -w**5/20 + w**4/3 - 5*w**3/6 + w**2 - 2*w. What is b(g)?
-4
Let d(h) = 15*h + 2. Suppose u + 2 = -2*t, 3*t - 5*u - 10 = 13. What is d(t)?
17
Let f(o) be the first derivative of -o + 0*o**3 - 3/2*o**4 + 35 - 1/2*o**2. What is f(-1)?
6
Let z(q) = 3*q**3 - 27*q**2 + 19*q - 7. Let b(u) = u**3 - 9*u**2 + 6*u - 2. Let w(r) = -8*b(r) + 3*z(r). Suppose 4*o - 24 = 3*o + 4*i, -i = 4. Give w(o).
3
Let y(g) = g**2 + 9*g + 2. Let w = 316 + -322. What is y(w)?
-16
Suppose -3*r - l = -14, l + 31 = 5*r + 5. Suppose 4*s - 4*d = 12 + 60, -d + 42 = 3*s. Let i(n) = -6 + 6*n**2 + s*n**3 + 1 - 6*n - 16*n**3. What is i(r)?
-10
Let j(r) be the second derivative of r**5/20 + 3*r**4/4 - 3*r**3/2 + r**2/2 + r - 10. Calculate j(-10).
-9
Let q(f) be the second derivative of -f**5/20 - f**4/12 - f**3/3 - f**2/2 - f + 253. Give q(0).
-1
Let u(n) be the first derivative of n**2 + 3*n + 166. Let g(b) = b**2 + 2*b + 3. Let x be (2/5)/(1/(-5)). Let m be g(x). What is u(m)?
9
Let f(b) = b**2 - 15*b - 2. Let g(m) = -3*m**2 + 28*m + 4. Let k(s) = -5*f(s) - 2*g(s). Calculate k(-19).
2
Let y(d) = -d**2 - d - 8. Let b = 796 - 796. Give y(b).
-8
Suppose 117*j = 118*j + 11. Let z(k) = 7*k - 11. Let v(o) = 13*o - 20. Let s(l) = j*z(l) + 6*v(l). Determine s(-1).
0
Suppose 5*k = 3*r + 14 + 2, 2*r + 2 = -k. Let b(y) = -14 - 9 - 4*y - 11 - 9 + 45. Determine b(k).
-6
Let t be (-12)/9*(-18)/6. Let g(k) = -k**2 + 4*k + 6. Calculate g(t).
6
Let q(